{"id":113,"date":"2012-02-03T09:12:44","date_gmt":"2012-02-03T08:12:44","guid":{"rendered":"http:\/\/sportskiobjekti.com\/?page_id=113"},"modified":"2012-05-09T12:54:44","modified_gmt":"2012-05-09T10:54:44","slug":"gradski-stadion","status":"publish","type":"page","link":"https:\/\/sportskiobjekti.com\/?page_id=113","title":{"rendered":"Gradski stadion"},"content":{"rendered":"<div class=\"embed-container\"><iframe loading=\"lazy\" src=\"https:\/\/player.vimeo.com\/video\/36129376\" width=\"640\" height=\"512\" frameborder=\"0\" title=\"Stadion u Kara\u0111or\u0111evom Parku\" webkitallowfullscreen mozallowfullscreen allowfullscreen><\/iframe><\/div>\n<p>Prva utakmica na nekada\u0161njem Va\u0161ari\u0161tu, danas u Kara\u0111or\u0111evom parku, odigrana je 14. jula 1912. godine. Velikobe\u010dkere\u010dki fudbalski klub pobedio je tim Segedinskog atletskog kluba 4:2. Tridesetih godina pro\u0161log veka, fudbalski klub Obili\u0107 zamenjuje svoj stadion u Maloj Americi za Kara\u0111or\u0111ev trg. \u010clanovi Obili\u0107a ogra\u0111uju svoj teren u centru sada\u0161njeg Kara\u0111or\u0111evog parka prole\u0107a 1926. godine, a tridesetih godina prave i veliku pokrivenu tribinu. Na lokaciji uga\u0161enog kluba Obili\u0107a, 1948. godine po\u010dela je izgradnja stadiona za potrebe Fudbalskog kluba Proleter. Podizane su isto\u010dna, severna i ju\u017ena tribina, a na zapadu je izgra\u0111ena velika pokrivena drvena tribina za 3.000 gledalaca. Takav objekat je otvoren\u00a0 5. maja 1953. godine na utakmici Proletera i nema\u010dkog Kikersa. Zapadna tribina je izgorela u po\u017earu oktobra 1967. godine, a nova, betonska i pokrivena za 2.000 gledalaca, otvorena je godinu dana kasnije. Isto\u010dna, severna i ju\u017ena tribina renovirane su u leto 1984. godine, a potom je na zapadnu i isto\u010dnu stranu postavljeno 5.000 plasti\u010dnih sedi\u0161ta. Ta sedi\u0161ta su demontirana 2006. godine i postavljeno je 4.000 novih plasti\u010dnih sa naslonom.<\/p>\n<div id=\"attachment_227\" style=\"width: 300px\" class=\"wp-caption alignleft\"><a href=\"http:\/\/media.sportskiobjekti.com\/2012\/02\/s1.jpg\"><img loading=\"lazy\" decoding=\"async\" aria-describedby=\"caption-attachment-227\" class=\"size-medium wp-image-227 \" title=\"Gradski stadion\" src=\"http:\/\/media.sportskiobjekti.com\/2012\/02\/s1-300x199.jpg\" alt=\"\" width=\"300\" height=\"199\" srcset=\"https:\/\/sportskiobjekti.com\/wp-content\/uploads\/2012\/02\/s1-300x199.jpg 300w, https:\/\/sportskiobjekti.com\/wp-content\/uploads\/2012\/02\/s1.jpg 600w\" sizes=\"auto, (max-width: 300px) 100vw, 300px\" \/><\/a><p id=\"caption-attachment-227\" class=\"wp-caption-text\">Stadion u Karadjordjevom parku<\/p><\/div>\n<p>Rekordna poseta na stadionu u Kara\u0111or\u0111evom parku zabele\u017eena je 11. oktobra 1967. u prvenstvenoj utakmici koju je Proleter protiv Crvene zvezde re\u0161io u svoju korist 2:0. Prisutno je bilo 22.000 gledalaca, sa pla\u0107enim ulaznicama 17.890. Kapacitet Gradskog stadiona u Zrenjaninu je 16.000 za sedenje. Uz njega postoje pomo\u0107ni teren, trim-staza i dva sportska objekta pod krovom.<\/p>\n<p>&nbsp;<\/p>\n<p>&nbsp;<\/p>\n<p>&nbsp;<\/p>\n<p>&nbsp;<\/p>\n<p><strong>Galerija<\/strong><br \/>\nngg_shortcode_0_placeholder<\/p>\n","protected":false},"excerpt":{"rendered":"<p>Prva utakmica na nekada\u0161njem Va\u0161ari\u0161tu, danas u Kara\u0111or\u0111evom parku, odigrana je 14. jula 1912. godine. Velikobe\u010dkere\u010dki fudbalski klub pobedio je tim Segedinskog atletskog kluba 4:2. Tridesetih godina pro\u0161log veka, fudbalski klub Obili\u0107 zamenjuje svoj stadion u Maloj Americi za Kara\u0111or\u0111ev trg. \u010clanovi Obili\u0107a ogra\u0111uju svoj teren u centru sada\u0161njeg Kara\u0111or\u0111evog parka prole\u0107a 1926. godine, a &hellip; <\/p>\n<p><a class=\"more-link btn\" href=\"https:\/\/sportskiobjekti.com\/?page_id=113\">Continue reading<\/a><\/p>\n","protected":false},"author":1,"featured_media":0,"parent":93,"menu_order":0,"comment_status":"open","ping_status":"open","template":"","meta":{"ngg_post_thumbnail":0,"footnotes":""},"class_list":["post-113","page","type-page","status-publish","hentry","nodate","item-wrap"],"_links":{"self":[{"href":"https:\/\/sportskiobjekti.com\/index.php?rest_route=\/wp\/v2\/pages\/113","targetHints":{"allow":["GET"]}}],"collection":[{"href":"https:\/\/sportskiobjekti.com\/index.php?rest_route=\/wp\/v2\/pages"}],"about":[{"href":"https:\/\/sportskiobjekti.com\/index.php?rest_route=\/wp\/v2\/types\/page"}],"author":[{"embeddable":true,"href":"https:\/\/sportskiobjekti.com\/index.php?rest_route=\/wp\/v2\/users\/1"}],"replies":[{"embeddable":true,"href":"https:\/\/sportskiobjekti.com\/index.php?rest_route=%2Fwp%2Fv2%2Fcomments&post=113"}],"version-history":[{"count":7,"href":"https:\/\/sportskiobjekti.com\/index.php?rest_route=\/wp\/v2\/pages\/113\/revisions"}],"predecessor-version":[{"id":282,"href":"https:\/\/sportskiobjekti.com\/index.php?rest_route=\/wp\/v2\/pages\/113\/revisions\/282"}],"up":[{"embeddable":true,"href":"https:\/\/sportskiobjekti.com\/index.php?rest_route=\/wp\/v2\/pages\/93"}],"wp:attachment":[{"href":"https:\/\/sportskiobjekti.com\/index.php?rest_route=%2Fwp%2Fv2%2Fmedia&parent=113"}],"curies":[{"name":"wp","href":"https:\/\/api.w.org\/{rel}","templated":true}]}}